 u(4)?
2, 3
Let j(d) = 3*d**2 - 1. Let c be j(1). Suppose 3*f = -4*r + 16, 0*r = c*r + 10. List the prime factors of f.
2, 3
Suppose 2*u = 6*u - 100. List the prime factors of u.
5
Let t(a) = a**2 - 2*a + 1. Let n be t(1). Let d be 2/((-6)/27) - n. What are the prime factors of 45/12 + d/12?
3
Suppose -7*f + 2*f = -85. What are the prime factors of f?
17
Suppose 112 = 5*t + 4*i, -2*i = 3*t - 0*t - 66. What are the prime factors of t?
2, 5
Let t(x) = -x**2 + 9*x - 8. Let c be t(7). Let j = c + -11. Let r = j + 19. List the prime factors of r.
2, 7
Suppose 2*f - 28 = -5*p + 4, -12 = -3*p. List the prime factors of f.
2, 3
Suppose 3*r - 20 = -r. Let s = r + 0. What are the prime factors of s?
5
Let i(y) = -y - 7. Let n be i(5). What are the prime factors of 19*1 - (n + 9)?
2, 11
Suppose -2*i = 4*c - 10, 2*i - 4*c = 7*i - 25. Suppose 2*u + i*a + 10 = -10, 3*u + 3*a + 12 = 0. What are the prime factors of 8/4 - (u - 1)?
3
Let i be ((-5)/10)/(1/(-4)). Suppose 3*k - a + 4*a - 93 = 0, 63 = i*k + 3*a. Let g = -15 + k. List the prime factors of g.
3, 5
Suppose r + 3*h - 5 = 9, 5*h + 22 = 4*r. Let x = -4 + r. Suppose x*c + 4*l = 24, 4*c = 5*l + 5 + 1. List the prime factors of c.
2
Let u(i) = 33*i + 2. Let s be u(-2). Let a = 99 + s. List the prime factors of a.
5, 7
Let i be 1 + -3 + 4/1. Suppose 0 = d + i*d + 9. Let n(h) = h**3 + 4*h**2 + 3*h + 4. List the prime factors of n(d).
2
Let u(o) = o**2 + 6*o - 1. Let q be u(-6). Let f = q + 3. Suppose -2*n = -3*s - 13, -f*s - 9 - 13 = -3*n. List the prime factors of n.
2
Let u be 0/(-2*(-1)/(-1)). Let s = u + 7. Suppose -l - 2*l = -3*r + 24, 2*r + l - s = 0. List the prime factors of r.
5
Suppose -40 = 3*n + 5. List the prime factors of (9/(-27))/(1/n).
5
Suppose -9*j = -457 - 470. What are the prime factors of j?
103
Let a = -23 + 24. What are the prime factors of (-4 - (-50 + a))/1?
3, 5
Let p be (-12)/18 + (-112)/(-6). Suppose -f = -2*w - 6, -3*f = -w + 3*w - p. What are the prime factors of f?
2, 3
Let j be -1*(2 + -4)*1. List the prime factors of 16/(-20)*(-10)/j.
2
Let s(r) = -2*r + 1. Let a be s(-3). Suppose 1 = 2*d + a. Let k = d - -8. List the prime factors of k.
5
Let l(k) = -5*k + 1. List the prime factors of l(-19).
2, 3
Let b = 26 - 82. Let l = 36 + -76. Let k = l - b. List the prime factors of k.
2
Let v = 119 - 10. List the prime factors of v.
109
Let f = 22 + -16. List the prime factors of -2 + -1 - f*-1.
3
List the prime factors of -3*(-40)/(-12)*-11.
2, 5, 11
Suppose -2 = 3*b + 7. Let x be 2 - (2 - 2)/b. Suppose -x*h + 0*h = -22. What are the prime factors of h?
11
Let c be 75/9 + 2/(-6). Let i = c + -6. Suppose i*v - 4 = v. What are the prime factors of v?
2
Let t = 17 - -50. List the prime factors of t.
67
Suppose -5*j - 2*c = -0*j - 87, 0 = 4*j + c - 72. Let h = j + -10. What are the prime factors of h?
3
Let x(y) = 3*y**2 - 13*y - 5. List the prime factors of x(11).
5, 43
Let u(g) be the third derivative of -g**6/240 - g**5/30 + g**4/24 + g**2. Let l(t) be the second derivative of u(t). List the prime factors of l(-7).
17
What are the prime factors of 1/(4 + (-267)/67)?
67
Let y(i) = -i**3 + 9*i**2 - 6*i + 12. Let m be y(9). Let j = m + 85. List the prime factors of j.
43
Let h = -58 - -86. Let o = h + 6. What are the prime factors of o?
2, 17
Suppose 4*s - 5 = -5*m + 5*s, -4*m - 4*s = -28. Suppose m*t + 4 = 8. Suppose w + 0*w - t*j = 6, -3*w + 18 = -4*j. What are the prime factors of w?
2, 3
Let b(r) = -r**3 + 3*r**2 + 2*r. Suppose -4*n - 1 = -9. List the prime factors of b(n).
2
Let o(l) = -l**3 + 7*l**2 - 6*l + 5. Let g be o(6). Suppose 15 = 5*a + g. Suppose 32 = a*f - q, 3*q = 3*f - 12 - 30. List the prime factors of f.
2, 3
Suppose -2 = 5*y - 7, 5*y = -u + 74. What are the prime factors of u?
3, 23
Let u(k) = k**3 + 4*k**2 - 3*k - 6. Let w be u(-4). Suppose h = -3*m + 185, 5*h - 205 = -0*m - 3*m. Suppose -w*l = -l - m. List the prime factors of l.
2, 3
Let v(q) = 3*q**3 + 2*q**2 + q - 4. What are the prime factors of v(3)?
2, 7
Let x(p) = p + 5 + 1 + 3. What are the prime factors of x(-6)?
3
Suppose -b = 5*k + 68 - 281, 0 = 2*b - k - 459. List the prime factors of b.
2, 3, 19
Let h = -118 - -78. What are the prime factors of 454/10 + (-24)/h?
2, 23
Let o = 1 + -6. Let k = o - -11. List the prime factors of k.
2, 3
Let o = 6 + -4. Let m(b) = 3*b + b**2 + 2*b + 5*b - o*b**2 - 8. List the prime factors of m(7).
13
Let l be (4/(-6))/((-2)/120). Suppose -3*b = 5*k - b - 17, l = 4*k - 5*b. What are the prime factors of (-2)/(k/3 - 2)?
2, 3
Suppose -21*h + 15*h = -2526. List the prime factors of h.
421
Let j = 206 - 116. Suppose -2*c + j = 3*c. What are the prime factors of c?
2, 3
Let p(l) = -6*l - 7. Let u be p(5). Let i = u + 52. List the prime factors of i.
3, 5
Suppose 0*d + 12 = 3*d. Suppose 0 = -4*r + 5*q - 0*q + 59, 5*r + d*q = 125. What are the prime factors of r?
3, 7
What are the prime factors of 200/4 - (0 - -2)?
2, 3
Suppose 5*i - 180 = 2*i. Suppose 2*o + 74 = -2*s - 2*o, -2*s + 3*o = i. Let l = s - -48. What are the prime factors of l?
3, 5
Let h(g) = g**3 - g - 1. Let u be h(0). What are the prime factors of ((-21)/(-28))/(u/(-40))?
2, 3, 5
Let z = 16 - -29. What are the prime factors of z?
3, 5
Let r = -6 + 1. Let o = 6 + r. Suppose o = -h - 2*f, -5*h + f + 8 = -3*h. List the prime factors of h.
3
Let q be (-2)/8 + (-26)/(-8). Suppose -14 = c - 2*c + q*a, -5*c - 5*a = -150. Suppose -3*h - 2 = 2*n - 0, 5*h - 4*n - c = 0. List the prime factors of h.
2
Suppose s = 5*s - 120. Suppose 5*p - 5*m + s = 0, 3*p = -0*p + 2*m - 17. What are the prime factors of (-12)/(-15)*p/(-1)?
2
Suppose -3*s - 137 = -452. What are the prime factors of s?
3, 5, 7
Suppose -w = -1 - 31. What are the prime factors of w?
2
Let l be (-2)/(-3) - (-76)/3. Suppose -3*d - 5*c = -4, -5*d - c + l = -10. Let s = d + -4. What are the prime factors of s?
2
Let x = 6 - 3. Suppose -i = x, -2*z = -4*z + 5*i + 15. Suppose 2*p = -z*p - a + 14, 3*a = 0. What are the prime factors of p?
7
Let n(i) be the second derivative of i**3/3 + 25*i**2/2 - i. List the prime factors of n(14).
53
List the prime factors of (-3)/(9/177)*-1.
59
Suppose -2*g - 10 = 2*j - 50, 2*j - 2*g - 48 = 0. What are the prime factors of j?
2, 11
Suppose -y - 10 = -6*y. Suppose 4 = y*m - m. What are the prime factors of m?
2
Let f = 63 + 2. List the prime factors of f.
5, 13
What are the prime factors of 2/3 - (-290)/15?
2, 5
Let u(f) = -f**3 + 7*f**2 - 9*f + 11. Let t be u(5). Suppose -6*g + t = -2*g. What are the prime factors of g?
2
Let x = -10 - -80. List the prime factors of x.
2, 5, 7
Suppose -20 = o - 6*o. Suppose 30 = o*j - 2*j. List the prime factors of j.
3, 5
Suppose -21 = b - 4*b. Let r(w) = 2*w + 2*w + w - b + w**2. What are the prime factors of r(-7)?
7
List the prime factors of (-529)/(-2) - (-6)/4*1.
2, 7, 19
Suppose 0 = -r + i + 3, 2*r + 3*i = -i - 12. Suppose 0 = -5*b - n + 265, r = -2*b + b + 2*n + 53. What are the prime factors of b?
53
Let g(j) = j**3 + 2*j**2 - 2*j + 2. Let i(h) = 0*h**2 + h**2 + 2 + 3 - 4. Let t be i(1). List the prime factors of g(t).
2, 7
Let g(n) = -54*n**3 + n**2 - n - 1. List the prime factors of g(-1).
5, 11
Let b(m) be the first derivative of m**2/2 + 2*m + 1. Let x be b(2). Suppose -3*w = 4*u, -x*w + 1 = 3*u - 6. What are the prime factors of w?
2
Let t(g) = -13*g. Let b(u) be the second derivative of u**4/12 - 5*u**3/6 - 7*u**2/2 - 3*u. Let p be b(6). What are the prime factors of t(p)?
13
Let k(d) = -d + d - 3*d - 4 + d**2. Let z be k(-3). Suppose 3*u = 2*u + z. What are the prime factors of u?
2, 7
Let f(w) = -4*w - 1 + 4 - 3. List the prime factors of f(-2).
2
Let x(n) = -n**2 - 5*n. Let h be x(-6). Let g(q) = 0*q**2 + 0*q - 6*q - 2*q**2 + 6 + q**2. What are the prime factors of g(h)?
2, 3
Let k(p) = p**3 - 5*p**2 - 6*p + 3. Let f(r) be the third derivative of -r**4/24 + r**3/6 + 2*r**2. Let z be f(-5). List the prime factors of k(z).
3
Suppose 0 = -2*q + 195 - 47. List the prime factors of q.
2, 37
List the prime factors of ((-4)/(-26) - 2720/(-65))*3.
2, 3, 7
Let u(z) = -z**2 - 5*z + 3. Let g be u(-5). Suppose -d = -4*d - 3, 3*d - 15 = g*i. What are the prime factors of (8/i)/(4/(-6))?
2
Suppose -2*w = 10 - 76. What are the prime factors of w?
3, 11
Let s(b) = -24*b**3 - b + 1. Let x be s